314
Let t be -8 + 12 + 4 - 5*-200. What is the highest common divisor of 14 and t?
14
Let b(j) = -156*j - 2024. Let s be b(-13). What is the greatest common factor of 1636 and s?
4
Suppose 72 - 64 = 2*k. Suppose -20 = -5*z, 0 = d - 5*z + 6 + k. Let u(c) = 2*c**2 - 16*c + 10. Let y be u(d). Calculate the greatest common factor of 20 and y.
10
Suppose -4*f - 39*q = -42*q - 15, 0 = 3*f - 3*q - 6. Let b = 94 - 55. What is the greatest common factor of f and b?
3
Let u(r) = 11*r**3 + r**2 - 2*r + 2. Let x = 19 + -8. Suppose 9*s + 2 - x = 0. Let k be u(s). Calculate the greatest common divisor of 24 and k.
12
Let y(j) = 13*j**2 + 3*j - 3. Let h be y(5). Let k(c) = -c**2 - 35*c - 87. Let p be k(-24). Let w = h - p. What is the highest common factor of w and 20?
20
Let m be (-22)/3*(1 - 4). Suppose 5*q - 248 = -n, 0 = n - 54*q + 50*q - 158. Calculate the greatest common divisor of n and m.
22
Let j(y) = y**2 + 2*y - 12. Let a be (-1)/((-29)/(-14) + (0 - 2)). Let t be (-4 + 1)*a/(-6). Let g be j(t). Calculate the greatest common divisor of g and 23.
23
Let a be ((-348)/66)/((-2)/22). What is the greatest common divisor of 50 and a?
2
Suppose u = -5*h + 13, 3*u - 5*u = -2*h + 10. Suppose 0 = g + 3*d - 2 - 26, h = d. Let x = -2 + g. What is the greatest common factor of 51 and x?
17
Let m(k) = -19*k + 95. Let d be m(5). Suppose d = -5*s + 5*b + 110, 5*s - 82 = 2*b + 34. What is the highest common factor of 12 and s?
12
Let o be 282/10 - (-138)/(-690). What is the highest common factor of o and 1316?
28
Let r be 5110515/360 - ((-75)/24 - -3). What is the greatest common divisor of 24 and r?
12
Let d = -2212 - -5089. What is the highest common divisor of d and 42?
21
Let o be ((-95344)/606 - -148)*((-73)/4 + (-2)/4). Let f be 3/(3/100 - 0). What is the highest common divisor of f and o?
25
Suppose 27 = 3*f - 48. Let d = 10197 - 8797. What is the greatest common factor of f and d?
25
Suppose -2*p = -5*r - 49, 38 = 5*p - 3*r - 132. Suppose 0 = -17*v + 25*v - 211 - 85. What is the highest common divisor of v and p?
37
Let q be (-4 - -10 - -4) + -2. Suppose 4*b - 156 = q. Let r = b - 21. Calculate the greatest common divisor of r and 90.
10
Let h = 531 + -498. Suppose -8*v = -4*v - 264. Calculate the highest common factor of v and h.
33
Suppose -2*n - 2381 = -5*p, -4*p - 4*n + 1888 = -0*p. Let i = 532 - p. Calculate the greatest common divisor of i and 209.
19
Let t be 3/2 + 147/14. Let f be ((-320)/15)/((-4)/t). Let u(x) = 5*x + 41. Let q be u(-5). What is the highest common factor of f and q?
16
Suppose -2*m - 2 = 8, -2*m = 5*v - 60. Suppose 0 = 112*x + 230*x - 9576. Calculate the greatest common divisor of v and x.
14
Let f be 847/385*(-1 + 6). Let m = 187 - -110. What is the highest common divisor of f and m?
11
Let l = 1534 + -897. Calculate the greatest common factor of l and 196.
49
Let o be 1067*(16/12 - (-3)/(-9)). What is the greatest common factor of 485 and o?
97
Let x be (-16)/64 + ((-50)/(-8) - 1). Suppose 0 = 9*m - x*m - 2*k - 116, 0 = m + 5*k - 40. What is the greatest common factor of m and 345?
15
Suppose 3*c + 588 = -5*f + 3210, -2*f - c + 1050 = 0. What is the greatest common factor of f and 1683?
33
Let i be -4*((-108)/16 - 1) + -1. Calculate the greatest common divisor of 6 and i.
6
Suppose -k + 540 = 4*m, 4*m + 548 = 3*k - 2*k. Let s = 216 + -148. What is the highest common divisor of k and s?
68
Let p(g) = 2*g**3 - 12*g**2 - 5*g - 15. Let h be p(7). Suppose 5*y - 7*y + h = 0. Calculate the highest common divisor of 9 and y.
3
Let o be (-285)/(-9) - (-4)/12. Suppose 12*x + 42 = 42. Suppose x = 2*g + p - 29, 4*g = 3*g - p + 13. What is the highest common divisor of o and g?
16
Suppose 0 = -3*u + 21 - 0. Suppose 0 = -5*h + 3*o - 8, 3*h + u*o + 24 = 4*o. Let z be -27*4/12*h. What is the highest common divisor of 90 and z?
18
Let x(m) = m**2 - 3*m + 5. Let i be ((-1)/(-1))/((-16)/(-80)). Let z be x(i). Let d(p) = -15*p. Let b be d(-8). What is the highest common divisor of z and b?
15
Let i be -95*(12/(-3) + 3). Suppose -4*n = 19 - 67. Let u = n - -7. What is the greatest common factor of i and u?
19
Suppose 0 = -5*a + 7 + 28. Suppose -14 = -q - 2*f, -2*q - 2*f = -a*q + 70. Let v = 20 - 13. What is the highest common divisor of v and q?
7
Let q(c) = 2226*c**3 + 5*c**2 - 2*c + 2. Let t be q(1). Suppose 2*a - t - 3374 = -5*g, 2*g - 2242 = -4*a. What is the highest common divisor of g and 59?
59
Let n(o) = -4*o + 108. Let q be n(12). Let t be q*8/80*18. What is the greatest common divisor of 144 and t?
36
Let g = 97 + -63. Let s be (0 + 1020/(-17))*g/(-8). What is the highest common divisor of 51 and s?
51
Let j(f) = 14*f - 59. Let a(r) = -5*r + 19. Let v(k) = -11*a(k) - 4*j(k). Let t be v(16). What is the highest common divisor of t and 176?
11
Let f(q) = 204*q**2 + 3*q - 4. Let p be f(1). Let l = p - 179. What is the highest common factor of 3 and l?
3
Let x(f) = -f**3 - 14*f**2 + f + 18. Let p be x(-14). Suppose 0*k = 5*c - 5*k - 20, 0 = -p*c + k + 16. What is the greatest common factor of c and 14?
2
Let r(i) = 2*i**2 - 29*i - 213. Let u be r(20). What is the greatest common divisor of u and 3584?
7
Suppose -2*b + 45 = 13*b. Let d be 2 - (-6)/(-9)*b - -7. Suppose -d*z + 25 = -52. What is the greatest common divisor of 121 and z?
11
Suppose 4*k - 52 = -4*w - 0*k, -25 = -w - 4*k. Suppose c = 2*h - 0*c + 7, 0 = -3*c - w. Let i be -2*6*h/2. What is the greatest common factor of 12 and i?
6
Let g be (-10)/(-35) - 119004/(-84). Calculate the highest common divisor of g and 104.
13
Let q(p) = 99*p**2 + 79*p + 410. Let l be q(-5). Calculate the greatest common divisor of 30 and l.
30
Let f be (12/10)/(39/65). Let y be f/(-7) - (-342)/21. Let d be 8*(-36)/y*-14. Calculate the greatest common factor of 28 and d.
28
Let x(b) = 2*b**2 - 88*b + 171. Let p be x(42). Suppose 0 = -5*z - 25, p*z + 67 + 518 = 5*v. Calculate the greatest common factor of 418 and v.
38
Let t be 14/(-350)*335*-10. What is the highest common divisor of t and 7303?
67
Let i = 7 - -10. Let t(b) = -914*b + 1645. Let z be t(1). Calculate the greatest common factor of i and z.
17
Let p = 503501 - 503447. Let b be 487/3 + (-1)/3. Calculate the greatest common divisor of b and p.
54
Let q = 167536 + -167514. Suppose -5*n - 8 = -3*n. Let l be ((-11)/2)/(2/n). What is the highest common divisor of l and q?
11
Let s(y) = -287*y - 1128. Let z be s(-8). What is the greatest common divisor of z and 2044?
292
Let l = 979 + -893. Let b(r) = 2*r**2 + 11*r - 9. Let u be b(10). Calculate the highest common divisor of u and l.
43
Suppose 5*p - 5*c - 289 - 516 = 0, -5*p = -3*c - 815. Suppose 2*z = 5*k - 871, p = 2*k - 2*z - 180. Calculate the greatest common factor of 7 and k.
7
Let t = 2202 + -1016. Let u be (-207)/(-18) - 1/(-2). Suppose u*i - 746 = t. Calculate the greatest common divisor of i and 23.
23
Let d(z) = 106*z**3 + 2*z**2. Let s = 575 - 574. Let b be d(s). Calculate the highest common factor of 4 and b.
4
Let i = 6540 + -3177. What is the greatest common divisor of 57 and i?
57
Suppose 69*z = -t + 64*z + 26, -5*t - 2*z = -84. Calculate the highest common divisor of t and 344.
8
Suppose 3*d - 48 = 3*h - 4*h, -86 = -2*h - 4*d. Suppose 1155 = -0*t + 5*t. Calculate the highest common divisor of h and t.
33
Let w(l) be the second derivative of -l**4/12 + 2*l**3 - 7*l**2 + 18*l. Let k be w(7). Let y be k/2 + 27/(-18). Calculate the highest common factor of y and 99.
9
Let w(v) = v**3 - 14*v**2 + 53*v + 12. Let h be w(7). Let l = -220 - -320. Calculate the highest common divisor of l and h.
20
Let g be 13/(1235/(-76)) - (-47888)/10. What is the greatest common factor of 378 and g?
126
Let s = 47 + 3. Let m = s + -29. Let x = -14 + m. What is the greatest common factor of x and 21?
7
Let t = 708 - 420. Suppose -160*l + 2*l + 666 = -1230. Calculate the highest common divisor of t and l.
12
Let b = -452 - -505. Let h = -2748 - -4391. Calculate the greatest common divisor of h and b.
53
Let d be (21/2)/((-7)/(-42)). Let i be (918/408)/(2/8). What is the highest common factor of i and d?
9
Let y = -7672 - -8179. Calculate the highest common divisor of y and 5408.
169
Let v be (-22 + (-2232)/9)*-14. What is the highest common divisor of v and 324?
108
Let o(k) = k + 7. Let w be o(-4). Let h =